ns digit of l/6*(-4344)/32?
6
What is the thousands digit of (-70)/(-9)*384*7/(455/156)?
7
Let q be (6/8)/((-16)/(-392512)). Suppose -2545 = -14*g + q. What is the tens digit of g?
9
Let j = -65 + 57. Let y(a) = 41*a + 36. Let h(p) = 27*p + 24. Let q(u) = j*h(u) + 5*y(u). What is the units digit of q(-4)?
2
Let f(r) be the first derivative of 20*r - 23/2*r**2 - 14. What is the units digit of f(-3)?
9
Let k(o) be the first derivative of 7*o**2 + 8*o - 1. Suppose 0 = -2*v + 8*s - 36, 16*s = -v + 13*s + 31. What is the units digit of k(v)?
8
Let a = 9 - -459. Suppose -m + 3*m + 5*i - a = 0, 2*i = -m + 236. What is the units digit of m?
4
Let x = 30280 + -16129. What is the thousands digit of x?
4
Let g(q) = 7*q**2 - 79*q + 148. What is the tens digit of g(24)?
8
Suppose -4*k = 2*y - 561 - 2267, -3*y + 4215 = -3*k. Suppose -4 = 4*u - y. What is the tens digit of u/6*(4/(-6) + 2)?
7
Let f = -3664 + 12002. What is the tens digit of f?
3
Suppose 5062 + 48050 = -5*z + 13*z. What is the hundreds digit of z?
6
Let v(u) = -2*u**3 - 70*u**2 - 67*u + 76. Let g be v(-34). What is the hundreds digit of (102/(-10))/(g/(-2730))?
6
Suppose -6*y + 18 = 78. Let d(a) = 4*a**2 + 20*a - 6. Let m be d(y). Suppose -13*c + 196 = -m. What is the units digit of c?
0
Let r = 4296 - 2454. Suppose 4255 = 5*x + 5*y, 164 = -2*x + 4*y + r. What is the hundreds digit of x?
8
Let i(j) = 107*j**2 + 17*j + 721. What is the hundreds digit of i(-22)?
1
Let o(v) be the second derivative of 145*v**4/4 - v**3/3 + v**2 - 8*v + 3. What is the units digit of o(1)?
5
Let x(r) = -12803*r - 381. What is the units digit of x(-1)?
2
Let g = 11643 - 2990. What is the units digit of g?
3
Let x be (6/(-4))/(6/8). Let w be ((-45)/(-12))/((-6)/(-8)). What is the units digit of (w/2)/(x/(-28))?
5
Let x = 572 + 4042. What is the hundreds digit of x?
6
Let s(q) = -163*q + 3166. What is the thousands digit of s(-21)?
6
Let v = 148 - 116. Suppose 41 + 13 = 4*a + 5*m, 2*a + 5*m = v. Suppose 1611 = a*s - 820. What is the units digit of s?
1
Suppose 8 + 7 = 3*s, -9 = -2*y - s. Suppose 4*p - 4 = 0, 14 + 22 = m + y*p. What is the tens digit of m?
3
Let p = 22757 + 7258. Suppose 24*n = 3345 + p. What is the thousands digit of n?
1
What is the hundreds digit of 284290/12 + (-7 + 9)/12?
6
Let u(g) = -15*g - 65. Let s be u(-42). Suppose 5*q = 4*o - 735, 0*q + s = 3*o - q. What is the units digit of o?
0
Let a = -1130 - -13015. What is the ten thousands digit of a?
1
Suppose 3*c = 8*c + 2*d + 11, 2*c + 11 = -3*d. What is the hundreds digit of -1 - (c + 5) - -3 - -235?
2
Let j = 4 - 2. Suppose 2*p = -5*k - j*p + 1939, p = 1. Suppose -5*w + 4*a + k = 0, -a = -5*w + w + 303. What is the units digit of w?
5
Suppose -5*x - 21875 - 2180 = -5*o, o = 4*x + 4793. What is the thousands digit of o?
4
Let b(p) = p**3 + 58*p**2 - 68*p + 657. What is the hundreds digit of b(-57)?
7
Let m = -1237 - 1407. What is the hundreds digit of 32/288 - m/18?
1
Let k(l) = -4*l**2 + 2*l + 5. Let i be k(0). Suppose -5*s - 339 = -i*r + 2*r, -339 = -3*r - 3*s. What is the hundreds digit of r?
1
Let f be (71/(-3))/((-7)/21). Suppose 0 = -2*a + 2*k + 34, -5*a - 27 = -2*k - 106. Let y = a + f. What is the tens digit of y?
8
Let q = -13948 - -19973. What is the hundreds digit of q?
0
Let h(o) = -2*o**3 + 3*o**2 - o + 5. Suppose -3*p + 14 - 32 = 0. Let c = 3 + p. What is the tens digit of h(c)?
8
Let n(u) = -9 + 18734*u**2 - 9 - 18732*u**2 + 27*u. What is the units digit of n(-28)?
4
Let m(q) = 9*q - 7*q - 20 - 5*q. Let x be m(-8). Suppose 0 = x*b - 2*b - 50. What is the units digit of b?
5
Suppose l = 755 - 192. Let o = l + -363. Suppose 17*z - 15*z = o. What is the units digit of z?
0
Let p = 102589 + -59959. What is the ten thousands digit of p?
4
Let l = -115 + 176. Suppose -y = 4*s - l, 5*s = 3*y + s - 135. Let o = y + -46. What is the units digit of o?
3
Let y(c) = -c + 4. Let g be y(7). Let q(s) = -148*s + 52*s + 2 + 51*s. What is the tens digit of q(g)?
3
Let j = -43887 - -79371. What is the hundreds digit of j?
4
Let r = 239 + -159. Let n = r - -135. What is the units digit of n?
5
Suppose -n + 0 = -3, 0 = 4*x - 2*n + 378. Let w = -31 + x. What is the tens digit of -4 + 8 - 8 - w?
2
Suppose -50 = 3*u - 13*u. Suppose -u*m + 240 + 110 = 0. Let l = m + -24. What is the tens digit of l?
4
Let r = -43 + 47. Suppose -2*g + 0*g + 298 = x, r*x - 437 = -3*g. Let d = g - -31. What is the tens digit of d?
8
Let h = -3 + 8. Suppose 5*o - 3*n = 2*n + 20, 0 = h*o + n + 4. Suppose o = -3*f + 153 + 27. What is the tens digit of f?
6
Let r(p) = -7 + 4 - 11 + 11*p. Suppose -10 = 2*h - 20. What is the units digit of r(h)?
1
Let i = -10679 + 7157. What is the hundreds digit of ((-1)/3)/(2/i)?
5
Let h = 23958 - -24098. What is the units digit of h?
6
Suppose -8*l + 32058 = -4*l + n, 0 = -2*n + 4. What is the thousands digit of l?
8
Let i(m) = 354*m + 8. Let q(s) = -s - 1. Let y(f) = -i(f) - 6*q(f). What is the tens digit of y(-1)?
4
Let c = -2581 + 6553. What is the tens digit of c?
7
Let y = 35 - 37. What is the units digit of (-2 + 40/50)/(y/3190)?
4
Let i(n) = 12341*n**3 + 3*n**2 - 13*n + 7. What is the thousands digit of i(1)?
2
Suppose 0 = 31*b - 10*b - 17346. Suppose -16*p - 3*d = -12*p - b, -5*p = d - 1038. What is the tens digit of p?
0
Let k = -10529 + 11529. What is the tens digit of k?
0
Suppose 4*j - 4*b = -5*b + 64293, -2*j - 4*b = -32150. What is the units digit of j?
3
Let h = 17855 + -15042. What is the hundreds digit of h?
8
Suppose 2*k - 7*k = 15. Let d be ((-6)/6)/(k/3)*2. Suppose 4*n - 2*j - 626 = 0, 2*n + d*n - 635 = -j. What is the hundreds digit of n?
1
What is the tens digit of 1 + 3681 + -2 + 0?
8
Suppose -3*q + 11 + 34 = 0. Let x be 4 + 0 - (66 - q). Let w = 6 - x. What is the tens digit of w?
5
Suppose 9*p + 2 = 10*p. Suppose p*a - 5 = -1. Suppose -3*k + 202 = -f, -a*f + 101 = 3*k - 89. What is the tens digit of k?
6
Let d = 242 + -930. Let v = d + 1526. What is the units digit of v?
8
Suppose 161 = -10*s + 2771. Suppose 257*z - s*z + 2320 = 0. What is the hundreds digit of z?
5
Suppose 3*j = -4*q + 20685, -2*j = -1006*q + 1002*q - 13790. What is the hundreds digit of j?
8
Let n = 88 + -79. Suppose -n - 507 = -l. What is the tens digit of l?
1
Suppose 0 = -24*y + 10*y + 28. What is the units digit of 1206/y + (-11)/((-44)/16)?
7
Let w(z) = z**2 - 34*z - 5. Let m be w(-31). Suppose 3*d + m = -7*f + 10*f, 2*d = -f + 679. What is the units digit of f?
3
Suppose -8*f + f = -63. What is the hundreds digit of (f/(-9))/(2/(-4)) + 260?
2
Let c = 64 - 29. Suppose -6*y + c = -1. What is the units digit of (-222)/8*-3 + y/(-24)?
3
Suppose -23 = -z - h, -3*z - 9*h + 61 = -8*h. Suppose u - 5*p = 485, -3*u = -16*p + z*p - 1401. What is the tens digit of u?
7
Let u = 90 - -8. Let z = u - 88. What is the tens digit of z?
1
Let l(k) be the second derivative of k**5/60 - k**4/6 + 7*k**3/6 + 25*k**2/2 - 23*k. Let n(i) be the first derivative of l(i). What is the tens digit of n(5)?
1
Suppose -10*z + 8*z = 54. Let b = -76 - z. Let x = b - -236. What is the hundreds digit of x?
1
Let x(k) be the second derivative of 31*k**3 + 121*k**2/2 - 181*k. What is the tens digit of x(3)?
7
Let m(p) = -2*p + 5. Let y be m(3). Let g(s) = -689*s + 7. What is the units digit of g(y)?
6
What is the tens digit of 4474393/77 + (-4)/(-5)*(-105)/14?
0
Let g be (2/8)/(6/96). Let l(j) = 3*j - 8*j + 6 + 0*j**2 + g*j**2. What is the tens digit of l(7)?
6
Suppose 92*j - 54*j - 245138 = 0. What is the tens digit of j?
5
Let a be 20 + -26 - (-1056 + -3). Suppose 5*v - 3877 = a. What is the tens digit of v?
8
What is the hundreds digit of 10780 - 5 - -4*(6 + -4)?
7
Let x(g) = -g**2 - 7*g - 7. Let n be x(-5). Suppose 5*q = -n*q. Suppose q = 5*b - 341 - 44. What is the units digit of b?
7
Let g = -735 + 1336. Suppose -r = g - 723. What is the hundreds digit of r?
1
Let i(p) = 7*p**2 + 94*p + 89. What is the hundreds digit of i(41)?
7
Let f(m) = 102*m**2 + 2*m + 3. Let n be f(2). Suppose -15*d + 2575 = n. What is the units digit of d?
4
Suppose -9124 = -59*i + 1142. Let b = i - 159. What is the units digit of b?
5
Suppose -5*i = -4*q + 122392, -5*i - 152990 = 6*q - 11*q. What is the hundreds digit of q?
5
Suppose 0 = 2*q - 4*l + 3*l - 194, 5*l - 500 = -5*q. What is the units dig